 x - 3. What is the units digit of d?
4
What is the units digit of (2 - 69/6)/((-16)/1792)?
4
Let a be 65/(-10) + (-2)/(-4). What is the units digit of ((-8)/a)/(-2)*-87?
8
What is the units digit of (-1 - (-3633)/14)/(1/2)?
7
Let w(q) = 47*q**3 + 2*q**2 + 21*q - 50. What is the units digit of w(3)?
0
Suppose 5*z - 3*j = 28, -3*j - 2 = -3*z + 16. Suppose z*k + n = 198, 2*n = 2*k - n - 86. What is the units digit of k?
0
Let t(u) = -u**3 + 8*u**2 + 17*u + 21. What is the hundreds digit of t(-6)?
4
Let d = -98 - -173. Let w = 54 - -55. Let t = w - d. What is the units digit of t?
4
Let a(t) = -t**3 - 7*t**2 - 9*t - 33. What is the tens digit of a(-11)?
5
Suppose 25 + 3 = m. Let l be (4 - 3)*-1 + 11 + -7. Suppose 5*o + 3*p - 208 = 0, 0 = -o - l*p - p + m. What is the units digit of o?
4
Let o(t) = 14*t**3 + 2*t**2 + t - 2. Suppose 4*a + 2*a - 6 = 0. What is the tens digit of o(a)?
1
Let m = -59 + 92. What is the tens digit of m?
3
Suppose -w - 5*r = -219 - 0, -2*w + 508 = -4*r. What is the hundreds digit of w?
2
Suppose 3*j = 3*n - 24, 0*n + 5*j = n - 24. Let v = 0 - n. What is the units digit of (-7 - v)/((-6)/16)?
8
Suppose 2*v - 4*v - 5*w - 548 = 0, -3*w - 1351 = 5*v. Let o = v - -420. What is the hundreds digit of o?
1
Let g be 4 - (-1)/((-1)/14). Let p = 6 + g. What is the tens digit of 60/2 - 2 - p?
3
Let o be ((-1784)/(-32))/((-2)/16). Let x = -305 - o. What is the hundreds digit of x?
1
Let v = -7 - 14. Let u = v + 19. Let w(d) = 7*d**2. What is the units digit of w(u)?
8
Let n = 858 + -565. What is the hundreds digit of n?
2
Suppose 5*k - 613 = -6*n + 2*n, -3 = -3*k. What is the units digit of n?
2
Let p(r) be the third derivative of -2/3*r**3 + 5*r**2 + 0*r + 1/24*r**4 + 0 + 13/60*r**5. What is the units digit of p(-2)?
6
Suppose 4*t - 206 = -2*y, 0*t + 147 = 3*t + 4*y. Suppose 28*a - 44 = 17*a. Suppose t = 2*p + a*v + 7, -2*p + v + 66 = 0. What is the tens digit of p?
3
Suppose 0 = 2*z + 2*w - 0*w - 920, -6*z + 2*w = -2728. What is the hundreds digit of z?
4
Suppose 14 = 3*v - z, -v + 4*z = -0*v - 1. Suppose -v*f = 10 - 25. What is the units digit of 34/12 + f/18?
3
Let a be -2 + 9 + -5 - (-3)/1. Suppose 165 = 3*g - 2*s, 4*g - a*s - 75 = 152. What is the tens digit of g?
5
Let b(l) = l**3 - l**2 - l - 4. Let k be b(0). Let s(i) = -2*i**3 - i**2 - 5*i + 6. What is the tens digit of s(k)?
3
Let x(p) = p**3 + 2*p**2 - 1. Let d be x(1). Let h = 6 + -4. Suppose -h*m = d*m - 176. What is the units digit of m?
4
Let x be (-32)/(((-18)/56)/9). Let v be x/(-42)*(-3)/(-2). Let b = v - -49. What is the units digit of b?
7
Suppose -12*f - 109 + 1933 = 0. What is the tens digit of f?
5
Let l be (-2)/(-4*1)*(-26840)/(-22). Suppose 0 = -4*i + 9*i - l. What is the hundreds digit of i?
1
Let m(t) = t**3 - 13*t**2 + 25*t - 52. What is the hundreds digit of m(15)?
7
What is the tens digit of -3 - (-4 - 1) - -29?
3
Let b(s) = -s**2 + 15*s - 6. Let t be b(14). Suppose -5*k + 4*d = -0*k - 433, -4*d = t. What is the tens digit of k?
8
Let d be 6/(-14) - (-186)/42. Suppose -5*z + 2*g = -15, -d*g = -g. Suppose z*i - 5*l = -2*l + 120, -4*l - 49 = -i. What is the units digit of i?
7
Suppose 0*s = -i - 3*s + 8, 4*i + 3*s = 23. Suppose -i*z + 138 = -597. What is the hundreds digit of z?
1
Suppose 5*b - 650 = -2*y, -3*b - 5*y + 12 = -378. What is the tens digit of b?
3
Suppose -101*g + 197500 = -g. What is the units digit of g?
5
Suppose 89*o = 91*o - 8. Suppose -2*q + 37 = -o*r + 979, 946 = 4*r + 2*q. What is the units digit of r?
6
Suppose -5*k = j - 4*j + 340, -j = 4*k - 136. Let x be j/(-36)*348/(-10). Suppose 19*d + x = 23*d. What is the tens digit of d?
2
Suppose -60*p + 3096 = -48*p. What is the tens digit of p?
5
Let s = -88 + 84. What is the units digit of 2/3*(-1452)/s?
2
Let t(j) be the third derivative of j**6/120 + j**5/20 - j**4/4 - 5*j**3/6 - 4*j**2. Let l be t(-4). Let a = 4 - l. What is the units digit of a?
1
Suppose -2*h = 3*i - 553, 0*h - 3*h = 5*i - 923. Suppose i + 153 = 10*d. What is the units digit of d?
4
Let l = 2125 - 1842. What is the units digit of l?
3
Let w be (198/24)/(2 - (-117)/(-60)). Suppose 3*k - 482 = -4*h, 0 = 3*k - 2*k - 3*h - w. What is the units digit of k?
2
Let z(o) = 68*o**2 - 21*o - 86. What is the hundreds digit of z(-4)?
0
Let w(p) = p**2 - p + 10. Let h be w(-3). Suppose 0 = -4*q + h + 74. What is the units digit of q?
4
Let v(f) = 2*f + 50. Let r be v(-24). Suppose -115 = -2*d - r*l + 119, -2*l = -3*d + 366. What is the units digit of d?
0
Suppose 2*r - 23 + 17 = 0. Let m be (-1)/(-3) - (-1004)/12. Suppose r*g - g = m. What is the units digit of g?
2
Suppose 0 = -4*z + 240 + 388. What is the hundreds digit of z?
1
Suppose 11*w = 10*w + 343. What is the tens digit of w?
4
Let j = 30 + -16. Suppose -6*t + 254 = j. What is the tens digit of t?
4
Let g be 4 - (-3 - (-5 + 3)). Suppose -3*j - 225 = -3*t, -t - g*j = 2*t - 257. What is the units digit of t?
9
What is the hundreds digit of 12002/8 + -2 + 5/(-20)?
4
Suppose 0 = -2*n + 4, -a + 3*n = 3*a - 366. Suppose -a = -4*j + 67. What is the tens digit of j?
4
Let a(n) = 653*n + 5. What is the tens digit of a(4)?
1
Let r(n) = 18*n - 3. Suppose 5*v = -h + 47, -3*v - 6*h + 3*h = -21. Let c = 13 - v. What is the tens digit of r(c)?
5
Let s(u) = u**2 + 4*u + 2. Let g be s(-3). Let b be g + 1 + -1 - -5. Suppose -3*z + b*p + 53 = 0, -3*p + 15 - 3 = 0. What is the tens digit of z?
2
Let q(u) = 2*u + 5. Let b be q(0). What is the tens digit of 540/(b/1) + 0/2?
0
Let o be (-154)/(-33)*(-45)/2. Let h = o - -118. What is the units digit of h?
3
Let g = -18 - -23. What is the tens digit of (-772)/(-10) - 1/g?
7
Suppose 22*l - 8010 = 17*l. What is the units digit of l?
2
Let y = 22 - 27. Let n(j) = 13*j**3 - j**2 + j. Let r be n(1). Let f = r + y. What is the units digit of f?
8
Let i = 40 + -36. Suppose -i*a = -11*a + 756. What is the tens digit of a?
0
Let u be 37/4 + (-2)/8. Let h(p) = 17*p + 5. What is the units digit of h(u)?
8
Let j(v) = 417*v**3 + v**2 - 2. What is the hundreds digit of j(1)?
4
Let z(w) = -w**3 - w**2 - w. Let u(x) = -5*x**3 - 13*x**2 - 16*x. Let t = -3 + 4. Let o(g) = t*u(g) - 4*z(g). What is the units digit of o(-8)?
2
Let o(z) = z**3 + 6*z**2 + z + 14. Let x(f) = -f**2 + 4*f - 6. Let p be x(4). What is the units digit of o(p)?
8
Let s(x) = -88*x - 297. What is the hundreds digit of s(-6)?
2
Suppose -15 - 5 = 4*a - 2*f, 2*f = -5*a - 16. Let t = 1 - a. Suppose 145 = t*s + o, 0 = 2*s + 2*s - 5*o - 116. What is the tens digit of s?
2
Let k = 331 + -219. Let y = -73 + k. Suppose c = t + 3*c - y, 2*c = 2*t - 48. What is the tens digit of t?
2
Let r(i) = i**2 + 8*i + 7. Let b be r(-8). Suppose 0*q + 2*q = 3*t - b, 2*t - 8 = 3*q. What is the tens digit of 783/12 - t/4?
6
Let d(a) be the second derivative of -a**4/12 - 7*a**3/3 + 13*a**2 + 7*a. What is the tens digit of d(-11)?
5
Suppose -p - 80 = -q + 414, q + 4*p - 504 = 0. What is the units digit of q?
6
Let v be (-55)/(-22)*2*-2. Let z = v - -44. Suppose -65 - z = -3*u. What is the units digit of u?
3
Let u = 1108 - 757. What is the tens digit of u?
5
Let y(l) = 2*l**2 + 7*l + 8. Let v be y(9). Let t = v + -160. What is the units digit of t?
3
Let k = -4655 - -7430. What is the thousands digit of k?
2
Let d(o) = o**2 - 14*o + 33. Let z be d(16). Let v = z + -25. What is the units digit of v?
0
Let b be -7*(-1 + 12/21). Suppose -2*f = f - 9, -b*f + 21 = 2*t. Suppose t = -3*m + o + 39, -12 = 4*o. What is the units digit of m?
0
Let m(p) = 5*p**2 + 20*p + 39. Let l(t) = t**2 + 5*t + 10. Let h(g) = -9*l(g) + 2*m(g). What is the tens digit of h(-7)?
7
Suppose 3*m + 67 = -2*d, -5*m - 5*d - 91 - 29 = 0. Let h be m/(1*(-1 - 0)). Let s = h + 3. What is the tens digit of s?
2
Suppose -x = -2*y - 6 + 14, 5*y = -x + 13. Suppose -4*w + 11 = y. Suppose 0*n + 40 = w*n. What is the units digit of n?
0
Let c(g) = 678*g - 302. What is the hundreds digit of c(8)?
1
Let o = 412 + -284. Let y = 219 - o. What is the units digit of y?
1
Suppose 0 = 21*y - 8855 - 2107. What is the hundreds digit of y?
5
Let j be ((-16)/(-20))/((-2)/(-5)). Suppose 4*a = 0, -2 = -0*y - y + j*a. What is the units digit of y + (-3 - 6/(-3))?
1
Suppose 5*o - 10872 = 2*c, 140*o = 137*o + 3*c + 6516. What is the thousands digit of o?
2
Let b = -663 + 1080.